729. What is the remainder when 15 is divided by i?
3
Let c = -18182 + 18267. Let y = 30 - -14. Calculate the remainder when c is divided by y.
41
Let d = -8403 + 8885. Calculate the remainder when d is divided by 21.
20
Let g = -40 + 49. Suppose -2*c + 3*v + 21 = 0, -c + 2*c + 2*v = 21. Calculate the remainder when ((-10)/c)/1*-24 is divided by g.
7
Suppose -2*w + 3*c + 57 = -0, 5*w + c = 134. Suppose -y = -6 + w. Let a = 29 + y. Calculate the remainder when 62 is divided by a.
6
Suppose -1794*l + 1791*l = -1383. What is the remainder when l is divided by 11?
10
Suppose -2*n + 58*n = 784. Let h = 6 + -9. Calculate the remainder when (-93)/(-4) - h/(-12) is divided by n.
9
Let b be (-6 - -1) + 7 + -8. What is the remainder when 45 is divided by b*(6/(-6) - 2/(-4))?
0
Suppose -38*i + 3*h - 250 = -43*i, -4*i + h = -217. Let l(u) = 9*u + 2. What is the remainder when i is divided by l(3)?
24
Suppose -4*z = -10 + 2, 4*b + z - 42 = 0. Let j = -63305 + 64113. Calculate the remainder when j is divided by b.
8
Let j(y) = 2*y**3 + 22*y**2 - 17*y - 29. Calculate the remainder when j(-10) is divided by 182.
159
Let v be (27/9)/(2 + -1). Suppose 2*z - 207 = v*c, 3*c - 228 = -2*z - c. What is the remainder when z is divided by 38?
32
Let o(v) = v**3 - 5*v**2 + 18*v - 50. What is the remainder when 71 is divided by o(4)?
5
Let i = 6887 + -6754. Calculate the remainder when i is divided by 116.
17
Suppose -4*p + 190 = 3*o, -6 = o + 2*o. Suppose 2*j = 3*x - 0*j - p, x = 4*j + 33. Let u = x + -5. What is the remainder when 22 is divided by u?
6
Let w(q) = q**3 + 4*q**2 - q + 22. Let a = -122 - -199. What is the remainder when a is divided by w(-4)?
25
Suppose -128 = -5*s + 57. Let d = 146 + -86. Suppose -4*n + 45 = -5*t + 3, -d = -4*n - 4*t. Calculate the remainder when s is divided by n.
11
Let u(s) be the third derivative of -s**6/120 + 7*s**5/30 + 5*s**4/8 + 3*s**3/2 + 25*s**2. Calculate the remainder when 50 is divided by u(15).
5
Suppose -3*u + 5*u = 44. Suppose 2*b + 4 = 4*a, a = 6*a - 5. Suppose 5*n + 2*o - 204 = b, -4*o = -3*n + 4*n - 48. What is the remainder when n is divided by u?
18
Let m(z) = 3*z + 20. Let w(h) be the first derivative of -3*h**2/2 - 21*h + 16. Let i(q) = -2*m(q) - 3*w(q). Calculate the remainder when 7 is divided by i(-7).
1
Let n = 106 - -102. Let m = n + -188. What is the remainder when m is divided by 7?
6
Let w(d) = 3*d**2 + 5. Let i = -60207 - -60237. What is the remainder when w(-6) is divided by i?
23
Let g = 4383 + -4250. Calculate the remainder when g is divided by 30.
13
Let t(d) = -9 + 12 + 3*d - 14*d + d**2 + 10. Let n be t(10). Suppose l - 3 = r + 9, -3*r = n*l - 54. What is the remainder when 28 is divided by l?
13
Let l = -9895 - -9916. Calculate the remainder when 8376 is divided by l.
18
Let n(m) = -2*m**2 - 81*m - 551. Calculate the remainder when 6264 is divided by n(-24).
239
Let x(k) = -k**3 + 6*k**2 + 2*k - 8. Let o be x(6). Let p(u) = -655*u - 134848. Calculate the remainder when p(-206) is divided by 14*2*3/o.
19
Suppose -6*r = -8*r - 4*l + 936, 2*r = 3*l + 964. Calculate the remainder when r is divided by 15.
11
Suppose 8*y + 63 = 47. Suppose 2*l + 0*l - 6 = 0. Calculate the remainder when 70 is divided by (-32)/6*(l/y - 3).
22
Calculate the remainder when 1219 is divided by (-474)/(-1738) - 1908/(-22).
1
Suppose 2*p = -3*l + 1163, 4*p + 666 = 3*l - 473. Calculate the remainder when 1093 is divided by l.
323
Let f = -239 - -429. Let v = 206 - f. Calculate the remainder when v is divided by 11.
5
Calculate the remainder when (83 + -2865)*(0 - 1) is divided by 43.
30
Let h(s) = s**3 + 18*s**2 - 4*s - 96. Let n be h(-18). Calculate the remainder when 4654/14 - n/42 is divided by 48.
45
Let y(s) = -10*s - 4*s - 2*s**2 - 5 - 29*s. Let t = -11 - -53. What is the remainder when t is divided by y(-21)?
10
Calculate the remainder when (108 + -2)*(3 - (-7 - -6)) is divided by 17.
16
Let u(q) = 3*q**2 - 26*q - 27. Calculate the remainder when 3/30 - (-5469)/10 is divided by u(11).
47
Suppose 0 = -g + 4*m - 431 - 434, 829 = -g - 5*m. Let f = 858 + g. Let w(d) = -2*d + 1. Calculate the remainder when f is divided by w(-1).
0
Suppose 162*p = 156*p - 2760. Let m = -445 - p. Calculate the remainder when 18 is divided by m.
3
Let b(v) = -22*v**2 - 11*v + 17. Let l be b(6). Let i = -486 - l. Suppose 6*r - r = i. What is the remainder when r is divided by 25?
21
Let m = 9 - -7. Suppose -2*i = 4*j - 128, 0 = 3*j + i - 116 + 21. What is the remainder when j is divided by m?
15
Let w(t) = -51*t - 202. Let r be w(-4). Suppose -8*q - 312 = -13*q + r*j, -q + 5*j = -67. Calculate the remainder when q is divided by 23.
16
Let a = -4 - 5. Let t(f) = f**3 + 132*f**2 + 505*f - 6. What is the remainder when (-2)/6 + (-588)/a is divided by t(-4)?
21
Let r(n) = 16*n + 190. Let p be r(-9). Suppose -21*a + 193 - p = 0. Calculate the remainder when 55 is divided by a.
6
Suppose -10334 = -7*w - 9725. Calculate the remainder when 4065 is divided by w.
63
Let c(b) = b**3 + b + 15. Let l be c(0). Let w(g) = -g**2 - 9*g - 1. What is the remainder when (-5)/(l/(-198)) - 1 is divided by w(-3)?
14
Let z be (-22)/(-33) - (-1)/(3/7). Suppose -4*o - 7*t + 3*t = 32, t = -z*o - 16. What is the remainder when 142 is divided by 1 + o - (15 + -55)?
31
What is the remainder when (27284/(-8))/(20/(-8)) + 8/10 is divided by 169?
13
Suppose 223*g - 207*g - 752 = 0. Calculate the remainder when 2065 is divided by g.
44
Let j(t) = -2*t**3 - 115*t**2 - 53*t + 187. Let y be j(-57). Let m be (-2)/(-5) - 686/(-10). Let i = m + y. What is the remainder when i is divided by 3?
1
Let n(k) = 4*k + 77. Let m be n(-18). Suppose -25 = -m*g, 2*t + 0*g + 2*g = 28. What is the remainder when 9 is divided by t?
0
Suppose 0 = m - 2*m + 34. Suppose -w + 24 = -3*n, 5*n + m + 0 = w. Calculate the remainder when 35 is divided by (w/(-2))/((-2)/4).
8
Suppose 10*v + 10*v = -6*v + 1014. Calculate the remainder when 85 is divided by v.
7
Suppose 0 = -4*j - 5*s + 104, 47*s - 44*s = -4*j + 96. Calculate the remainder when 2664 is divided by j.
18
Let w be (-12)/(9/(-84)*(0 - -2)). Suppose -6*m = m - w. Suppose c - 9 = 13. Calculate the remainder when c is divided by m.
6
Let m(f) = 7*f**2 - 8*f + 11. Let i be m(-6). Suppose 5*h = -56 + i. What is the remainder when h is divided by 4?
3
Let l(t) = 97*t - 133. Let c be l(3). Calculate the remainder when 701 is divided by 6/(-6 + c/26).
77
Let l(u) = 68*u + 32. Let o = -6 + 2. Let b be l(o). Calculate the remainder when (b/(-25) - 4)*10 is divided by 19.
18
Suppose 3*x - 8*x + 4*d = -819, 5*d = 5*x - 815. Suppose -2*j - 115 = -3*w, 5*w - 3*j - 26 = x. Calculate the remainder when w is divided by 15.
11
Let u(j) = -j**2 - 6*j + 16. Suppose 23 - 91 = -4*l. Suppose -9*s + l*s - 1008 = 0. What is the remainder when s is divided by u(-6)?
14
Let h = -4834 + 5553. Calculate the remainder when h is divided by 7.
5
Suppose 0 = -2*j - 3*x + 1898, 2*j + 5*x - 327 - 1571 = 0. What is the remainder when j is divided by 35?
4
Suppose -4*o = -56 - 4. Suppose 36*t - 684 = -5*f, -5*t = -4*f - 112 + 17. What is the remainder when t is divided by o?
4
Suppose -m + 4*m - 19 = 4*n, -n - 8 = -4*m. Let a be (n/(-2))/((-13)/(-637)). Let w = a + -67. What is the remainder when 90 is divided by w?
28
Let u(j) = -j**2 + 12*j + 730. What is the remainder when 559 is divided by u(-16)?
277
Suppose 5*r - 20 = 0, 4*h + h - 80 = -5*r. Calculate the remainder when 2075 is divided by h.
11
Let r be (3 - 0)/(2/24). Suppose r*a = 29*a + 133. Let i = -128 - -203. Calculate the remainder when i is divided by a.
18
Let v = 7242 + -7040. Calculate the remainder when v is divided by 54.
40
Let o = 2110 + -2104. Calculate the remainder when 1045 is divided by o.
1
Suppose 4*w = -3*j + 122 + 44, 238 = 4*j + 2*w. Calculate the remainder when 692 is divided by j.
10
Let g(q) = -q**3 - q + 133. Let h be g(0). Let j = 166 - h. Calculate the remainder when j is divided by 3.
0
Let g(r) = -5*r - 15. Let h be g(3). Let a = h + 64. Calculate the remainder when a is divided by 12.
10
Let h = -4037 - -4100. Calculate the remainder when 3083 is divided by h.
59
Suppose -10*z + 715 = -4*z - 263. Calculate the remainder when 743 is divided by z.
91
Let x(q) = -128*q - 4. Suppose 5*y = -4*y 